6
Let s(v) = v**2 + 26*v - 285. What is s(-43)?
446
Let j(y) = -4*y**2 - 18*y - 19. Determine j(-4).
-11
Let x(t) = t**2 - 67*t - 169. Determine x(68).
-101
Let y(d) = 12*d**2 - 19*d - 19. Determine y(-1).
12
Let o(m) = -m**3 - 14*m**2 - 268*m - 3750. Determine o(-14).
2
Let q(k) = -k**3 + 29*k**2 - 44*k + 379. Calculate q(28).
-69
Let c(t) = -5*t**3 + 143*t**2 - 231*t + 413. Calculate c(27).
8
Let v(j) = -j**2 + 31*j + 1111. Calculate v(-22).
-55
Let w(k) = k**3 + 13*k**2 + k - 105. Determine w(-13).
-118
Let h(m) = 9*m**2 - 93*m + 239. Determine h(5).
-1
Let d(h) = 89*h + 5453. Calculate d(-61).
24
Let x(r) = -2*r + 23. What is x(14)?
-5
Let i(m) = m**3 + 4*m**2 + 21*m + 57. Give i(-5).
-73
Let s(l) = l**2 + 666*l + 9133. Determine s(-14).
5
Let l(q) = 66*q + 404. Give l(-5).
74
Let u(x) = -x**2 + 37*x - 159. Determine u(31).
27
Let r(w) = -4*w**2 + 1888*w - 3780. Give r(2).
-20
Let s(a) = 210*a + 1084. What is s(-7)?
-386
Let k(j) = -3*j**3 + 80*j**2 + 32*j - 38. Calculate k(27).
97
Let k(d) = 1652*d - 6. What is k(0)?
-6
Let r(g) = -125*g + 202. Calculate r(0).
202
Let c(p) = 3*p**3 - 12*p**2 - 15*p + 8. What is c(6)?
134
Let c(g) = 55*g + 153. What is c(0)?
153
Let c(z) = z**2 - 1108*z + 23886. Determine c(22).
-6
Let o(v) = -44*v**2 - 219*v + 1088. What is o(5)?
-1107
Let c(o) = 2238*o + 17926. Determine c(-8).
22
Let b(p) = -p**2 + 54*p + 370. Calculate b(-6).
10
Let o(f) = 1276*f - 132703. Determine o(104).
1
Let s(f) = f**2 + 139*f + 2310. Calculate s(-20).
-70
Let l(g) = 2*g**2 - 52*g + 4. Determine l(26).
4
Let v(y) = -11*y**2 + 134*y + 534. Give v(-4).
-178
Let s(h) = 2*h**2 - 10*h + 110. Calculate s(6).
122
Let q(l) = 7*l**2 + 457*l + 133. Calculate q(-65).
3
Let v(o) = 4*o**2 + 335*o + 6613. What is v(-52)?
9
Let o(k) = 38*k - 3466. What is o(91)?
-8
Let y(a) = 3*a**3 - 21*a**2 + 7*a - 52. Determine y(7).
-3
Let f(r) = -r**3 - 33*r**2 - 60*r - 76. Give f(-31).
-138
Let q(s) = 2*s**2 - 63*s + 200. What is q(28)?
4
Let x(v) = v**3 + 47*v**2 - 151*v - 192. Determine x(-50).
-142
Let t(k) = -23*k + 75. Calculate t(3).
6
Let n(j) = j**3 - 3*j**2 - 203*j + 66. What is n(-13)?
1
Let a(f) = -f**3 + 30*f**2 - 37*f + 137. Give a(29).
-95
Let p(l) = 23*l - 304. Determine p(17).
87
Let r(o) = -4*o**2 - 124*o - 538. Give r(-26).
-18
Let p(j) = 17*j**2 + 125*j + 209. What is p(-5)?
9
Let q(n) = -7*n - 229. Calculate q(43).
-530
Let r(z) = -z**3 - 130*z**2 - 2017*z - 103. Give r(-112).
9
Let d(w) = w**3 - 7*w**2 - 16*w + 13. What is d(10)?
153
Let s(d) = -3*d**2 - 3*d + 133. What is s(-7)?
7
Let w(a) = 5*a**2 + 48*a + 26. Determine w(-10).
46
Let s(c) = -39*c**2 + 469*c - 47. Give s(12).
-35
Let i(s) = 5*s**2 - 314*s - 5031. What is i(76)?
-15
Let q(j) = -11*j - 571. Give q(-51).
-10
Let c(b) = -b**3 - 37*b**2 - 28*b - 778. Determine c(-37).
258
Let v(d) = d**2 + 156*d + 2853. Determine v(-21).
18
Let x(z) = 571*z - 1148. What is x(2)?
-6
Let x(w) = 75*w + 4637. Calculate x(-66).
-313
Let q(m) = 13*m**2 - 208*m + 382. What is q(14)?
18
Let a(y) = 2*y**2 - 13*y - 35. What is a(13)?
134
Let w(x) = -30*x**3 - 2*x**2 + x + 2. What is w(-1)?
29
Let n(m) = 27*m + 78. Calculate n(8).
294
Let m(x) = x**2 + 52*x + 191. What is m(-4)?
-1
Let a(s) = -64*s + 489. Determine a(-9).
1065
Let x(f) = 4*f - 207. What is x(48)?
-15
Let g(b) = 10*b + 349. Give g(-51).
-161
Let u(p) = -p**3 + 17*p**2 - 5*p - 17. Give u(16).
159
Let q(l) = -2*l**3 + 74*l**2 - l + 34. What is q(37)?
-3
Let o(c) = 233*c - 9773. What is o(42)?
13
Let s(r) = -55*r + 724. What is s(13)?
9
Let u(g) = g**3 + 75. Determine u(0).
75
Let m(k) = -12*k**3 - 12*k**2 - 25*k - 3. Calculate m(-2).
95
Let b(p) = -107*p + 3908. Give b(37).
-51
Let j(o) = -793*o - 475. Calculate j(-1).
318
Let u(v) = 134*v - 1516. What is u(11)?
-42
Let b(h) = h**2 - 181*h + 5643. What is b(40)?
3
Let n(m) = -36*m**2 - 7*m + 36. Give n(3).
-309
Let v(p) = p**2 - 28*p + 106. Calculate v(18).
-74
Let k(y) = y**3 - 7*y**2 - 44*y + 3. Calculate k(11).
3
Let z(g) = -2606*g - 15651. Calculate z(-6).
-15
Let n(o) = 2*o**2 - 10*o + 84. Calculate n(4).
76
Let a(i) = -i**2 - 290*i - 2486. What is a(-9)?
43
Let o(c) = -319*c**3 - 5*c**2 + 9*c - 6. Calculate o(1).
-321
Let r(s) = -s**3 - 27*s**2 + 58*s + 13. What is r(-29)?
13
Let y(h) = h**3 + 10*h**2 - 47*h - 44. What is y(-13)?
60
Let a(k) = k**2 - 61*k + 694. Calculate a(15).
4
Let t(b) = 6*b**3 + 2*b**2 - 3*b - 7. Give t(4).
397
Let w(n) = 6*n**2 - 30*n - 324. Give w(-8).
300
Let l(c) = 2*c**3 - 48*c**2 - 47*c - 71. Determine l(25).
4
Let l(j) = -j**3 + 8*j**2 - 15*j + 6. Calculate l(3).
6
Let n(g) = 456*g - 6719. Give n(15).
121
Let k(o) = 179*o + 247. Calculate k(-2).
-111
Let m(y) = -7810*y + 39044. Give m(5).
-6
Let g(b) = -b**2 + 27*b - 149. What is g(13)?
33
Let f(c) = c**3 - 7*c**2 + 30*c - 99. What is f(5)?
1
Let x(d) = -d**2 - 42*d - 250. Give x(-36).
-34
Let i(m) = -m**3 + 15*m**2 - 27*m + 13. What is i(13)?
0
Let k(n) = -8*n**2 - 52*n - 18. Determine k(-5).
42
Let s(q) = 21*q**2 + 126*q - 2. Give s(-5).
-107
Let m(b) = 675*b - 7414. What is m(11)?
11
Let r(o) = -148*o - 12. What is r(0)?
-12
Let c(v) = -92*v**2 + 10*v + 9. Give c(-1).
-93
Let m(i) = 10*i - 110. What is m(13)?
20
Let s(n) = 34387*n - 275102. Determine s(8).
-6
Let f(w) = -2*w**2 + 61*w + 756. Calculate f(40).
-4
Let k(f) = 2*f**3 + 41*f**2 - 24*f + 21. What is k(-21)?
84
Let m(s) = 2*s**3 + 19*s**2 + s - 102. Determine m(-9).
-30
Let c(w) = -46*w + 4283. Calculate c(102).
-409
Let l(i) = -6*i**2 - 24*i + 59. Calculate l(7).
-403
Let i(y) = -y**3 - 229*y**2 - 1769*y - 24. What is i(-8)?
-16
Let x(z) = z**3 - 8*z**2 - 25*z + 2. Give x(0).
2
Let l(a) = 66*a - 3299. Determine l(50).
1
Let h(t) = 21*t + 417. Calculate h(-55).
-738
Let d(i) = 506*i - 5601. Calculate d(12).
471
Let w(q) = -31*q**2 + 102*q - 22. Determine w(3).
5
Let y(f) = -104*f**2 + 145*f - 2. What is y(2)?
-128
Let l(c) = c**2 - 77*c - 1826. What is l(-19)?
-2
Let b(d) = -13*d + 605. What is b(46)?
7
Let h(m) = -463*m + 1396. Give h(3).
7
Let s(l) = -l**3 - 2*l**2 - 6*l - 3. Determine s(-2).
9
Let c(m) = 6*m**3 - 42*m**2 - 13*m + 78. Determine c(7).
-13
Let n(i) = -i**3 - i + 63. Calculate n(0).
63
Let g(t) = -t**3 - 23*t**2 + 69*t + 502. What is g(-25)?
27
Let z(a) = a**3 - 74*a**2 + a - 78. Calculate z(74).
-4
Let i(u) = 2*u**2 - 255*u - 19840. What is i(182)?
-2
Let l(g) = -g**3 + 3*g**2 + 382*g + 1243. Give l(-16).
-5
Let f(j) = 2*j**2 + 60*j + 131. What is f(-28)?
19
Let l(k) = 13*k**3 - 5*k**2 + 9*k - 31. Determine l(3).
302
Let d(y) = y**3 - 5*y - 316. What is d(7)?
-8
Let z(x) = -x**2 - 8*x + 59. Give z(9).
-94
Let b(g) = 847*g - 5145. Give b(6).
-63
Let l(z) = -11*z**2 + 123*z - 460. What is l(4)?
-144
Let o(a) = a**2 + 7*a + 10. What is o(-3)?
-2
Let x(d) = -d**3 - 285*d**2 - 876*d - 8463. Determine x(-282).
-3
Let p(s) = -60*s - 334. Determine p(-6).
26
Let l(r) = 5*r**2 + 6*r - 15. Determine l(-7).
188
Let l(d) = d**3 + 3*d**2 - 17*d - 51. What is l(7)?
320
Let j(g) = -g**2 + 31*g + 102. What is j(16)?
342
Let z(u) = -2133*u + 8537. Determine z(4).
5
Let t(q) = 933*q + 3742. What is t(-4)?
10
Let f(p) = -2*p**2 - 399*p - 11. Determine f(0).
-11
Let v(z) = -5*z**2 - 9*z + 15. What is v(-3)?
-3
Let k(b) = 11*b - 65. Determine k(7).
12
Let p(v) = -344*v - 7560. Calculate p(-22).
8
Let m(l) = -56*l**2 - 5826*l - 200. Determine m(-104).
8
Let l(o) = -o**3 + 6*o**2 + 719*o - 29. Give l(-24).
-5
Let l(x) = -x**3 - 8*x**2 - 20*x - 45. Determine l(-5).
-20
Let i(b) = b**3 - 20*b**2 - 6*b - 14. Calculate i(21).
301
Let v(g) = -2*g**3 - 10*g**2 + 99*g + 22. What is v(-10)?
32
Let v(f) = -2*f**2 + 34*f - 144. Calculate v(8).
0
Let q(p) = 947*p - 12304. What is q(13)?
7
Let k(r) = -5*r**2 - 454*r + 519. Determine k(-92).
-33
Let g(t) = -25*t + 87. What is g(2)?
37
Let r(z) = 1940*z - 9709. Determine r(5).
-9
Let o(c) = -c**3 - 18*c**2 - 50*c - 41. What is o(-15)?
34
Let y(o) = 7*o**2 - 46*o + 21. Calculate y(6).
-3
Let r(f) = -7*f + 70. Give r(13).
-21
Let q(r) = 99*r - 1089. What is q(10)?
-99
Let n(u) = -17*u - 582. Calculate n(-37).
47
Let f(g) = -g**3 + 17*g**2 - 34*g + 389. Determine f(16).
101
Let y(u) = 34*u + 251. Determine y(-9).
-55
Let l(a) = 19*a - 62. Determine l(-4).
-138
Let t(n) = 2*n**3 - 62*n**2 + 60*n + 48. Deter